{"id":23,"date":"2025-09-17T08:12:09","date_gmt":"2025-09-17T08:12:09","guid":{"rendered":"https:\/\/learn-fast.ch\/New\/New\/?page_id=23"},"modified":"2026-01-21T10:52:40","modified_gmt":"2026-01-21T10:52:40","slug":"kontakt","status":"publish","type":"page","link":"https:\/\/www.learn-fast.ch\/New\/kontakt\/","title":{"rendered":"Kontakt"},"content":{"rendered":"<h2>Kontakt aufnehmen<\/h2>\n<div>\n<div  data-pre_filled=\"Name &amp; Email:\" data-style=\"4\" style=\"display: inline; cursor: pointer; z-index: 99999999; \" class=\"ht-ctc-sc ht-ctc-sc-chat sc-style-4 ht-ctc-inline\">\n    <div class=\"ctc_chip ctc-analytics ctc_cta\" style=\"display:inline-flex;;justify-content:center;align-items:center;background-color:#e4e4e4;color:#7f7d7d;padding:0 12px;border-radius:25px;font-size:13px;line-height:32px;\">\n        <span style=\"margin:0 8px 0 -12px;;order:0;\"><svg style=\"pointer-events:none; display: block; height:32px; width:32px;\" width=\"32px\" height=\"32px\" viewBox=\"0 0 1219.547 1225.016\">\n            <path style=\"fill: #E0E0E0;\" fill=\"#E0E0E0\" d=\"M1041.858 178.02C927.206 63.289 774.753.07 612.325 0 277.617 0 5.232 272.298 5.098 606.991c-.039 106.986 27.915 211.42 81.048 303.476L0 1225.016l321.898-84.406c88.689 48.368 188.547 73.855 290.166 73.896h.258.003c334.654 0 607.08-272.346 607.222-607.023.056-162.208-63.052-314.724-177.689-429.463zm-429.533 933.963h-.197c-90.578-.048-179.402-24.366-256.878-70.339l-18.438-10.93-191.021 50.083 51-186.176-12.013-19.087c-50.525-80.336-77.198-173.175-77.16-268.504.111-278.186 226.507-504.503 504.898-504.503 134.812.056 261.519 52.604 356.814 147.965 95.289 95.36 147.728 222.128 147.688 356.948-.118 278.195-226.522 504.543-504.693 504.543z\"\/>\n            <linearGradient id=\"htwaicona-chat-sc\" gradientUnits=\"userSpaceOnUse\" x1=\"609.77\" y1=\"1190.114\" x2=\"609.77\" y2=\"21.084\">\n                <stop offset=\"0\" stop-color=\"#20b038\"\/>\n                <stop offset=\"1\" stop-color=\"#60d66a\"\/>\n            <\/linearGradient>\n            <path style=\"fill: url(#htwaicona-chat-sc);\" fill=\"url(#htwaicona-chat-sc)\" d=\"M27.875 1190.114l82.211-300.18c-50.719-87.852-77.391-187.523-77.359-289.602.133-319.398 260.078-579.25 579.469-579.25 155.016.07 300.508 60.398 409.898 169.891 109.414 109.492 169.633 255.031 169.57 409.812-.133 319.406-260.094 579.281-579.445 579.281-.023 0 .016 0 0 0h-.258c-96.977-.031-192.266-24.375-276.898-70.5l-307.188 80.548z\"\/>\n            <image overflow=\"visible\" opacity=\".08\" width=\"682\" height=\"639\" transform=\"translate(270.984 291.372)\"\/>\n            <path fill-rule=\"evenodd\" clip-rule=\"evenodd\" style=\"fill: #FFFFFF;\" fill=\"#FFF\" d=\"M462.273 349.294c-11.234-24.977-23.062-25.477-33.75-25.914-8.742-.375-18.75-.352-28.742-.352-10 0-26.25 3.758-39.992 18.766-13.75 15.008-52.5 51.289-52.5 125.078 0 73.797 53.75 145.102 61.242 155.117 7.5 10 103.758 166.266 256.203 226.383 126.695 49.961 152.477 40.023 179.977 37.523s88.734-36.273 101.234-71.297c12.5-35.016 12.5-65.031 8.75-71.305-3.75-6.25-13.75-10-28.75-17.5s-88.734-43.789-102.484-48.789-23.75-7.5-33.75 7.516c-10 15-38.727 48.773-47.477 58.773-8.75 10.023-17.5 11.273-32.5 3.773-15-7.523-63.305-23.344-120.609-74.438-44.586-39.75-74.688-88.844-83.438-103.859-8.75-15-.938-23.125 6.586-30.602 6.734-6.719 15-17.508 22.5-26.266 7.484-8.758 9.984-15.008 14.984-25.008 5-10.016 2.5-18.773-1.25-26.273s-32.898-81.67-46.234-111.326z\"\/>\n            <path style=\"fill: #FFFFFF;\" fill=\"#FFF\" d=\"M1036.898 176.091C923.562 62.677 772.859.185 612.297.114 281.43.114 12.172 269.286 12.039 600.137 12 705.896 39.633 809.13 92.156 900.13L7 1211.067l318.203-83.438c87.672 47.812 186.383 73.008 286.836 73.047h.255.003c330.812 0 600.109-269.219 600.25-600.055.055-160.343-62.328-311.108-175.649-424.53zm-424.601 923.242h-.195c-89.539-.047-177.344-24.086-253.93-69.531l-18.227-10.805-188.828 49.508 50.414-184.039-11.875-18.867c-49.945-79.414-76.312-171.188-76.273-265.422.109-274.992 223.906-498.711 499.102-498.711 133.266.055 258.516 52 352.719 146.266 94.195 94.266 146.031 219.578 145.992 352.852-.118 274.999-223.923 498.749-498.899 498.749z\"\/>\n        <\/svg><\/span>\n        <span>WhatsApp<\/span>\n    <\/div>\n<\/div><\/div>\n<ul>\n<li>\n<p>        <img decoding=\"async\" src=\"\/New\/wp-content\/uploads\/2025\/10\/Icon_Check_Green.png\" alt=\"Check Icon\"><\/p>\n<\/li>\n<li>\n<p>        <img decoding=\"async\" src=\"\/New\/wp-content\/uploads\/2025\/10\/Icon_Check_Green.png\" alt=\"Check Icon\"><\/p>\n<\/li>\n<li>\n<p>        <img decoding=\"async\" src=\"\/New\/wp-content\/uploads\/2025\/10\/Icon_Check_Green.png\" alt=\"Check Icon\"><\/p>\n<\/li>\n<li>\n<p>        <img decoding=\"async\" src=\"\/New\/wp-content\/uploads\/2025\/10\/Icon_Check_Green.png\" alt=\"Check Icon\"><\/p>\n<\/li>\n<li>\n<p>        <img decoding=\"async\" src=\"\/New\/wp-content\/uploads\/2025\/10\/Icon_Check_Green.png\" alt=\"Check Icon\"><\/p>\n<\/li>\n<\/ul>\n<div>\n<h2>Assistenz- \/ Sicherheits- und Komfortsysteme im <span class=\"uk-text-primary\">Volvo EX30 <\/span><\/h2>\n<p>Erforderliches Wissen und Fahrerverantwortung<\/p>\n<div>\n<p>Fahrerassistenzfunktionen sollen das Fahren sicherer und entspannter machen \u2013 sie entheben die Person am Steuer aber nicht der Verantwortung, das Fahrzeug so sicher wie m\u00f6glich zu nutzen. Lesen Sie vor der ersten Verwendung einer bestimmten Funktion alle zugeh\u00f6rigen Informationen. Lesen Sie unbedingt den Abschnitt zur Verantwortung der Person am Steuer, um die F\u00e4higkeiten und Begrenzungen der Fahrerassistenzfunktionen Ihres Fahrzeugs zu verstehen.<\/p>\n<\/div>\n<\/div>\n<div>\n<\/div>\n<p><!--more--><br \/>\n<!-- {\"type\":\"layout\",\"children\":[{\"type\":\"section\",\"props\":{\"animation\":\"slide-top-small\",\"animation_delay\":\"100\",\"image_position\":\"center-center\",\"style\":\"default\",\"title_breakpoint\":\"xl\",\"title_position\":\"top-left\",\"title_rotation\":\"left\",\"vertical_align\":\"middle\",\"width\":\"default\"},\"children\":[{\"type\":\"row\",\"children\":[{\"type\":\"column\",\"props\":{\"image_position\":\"center-center\",\"position_sticky_breakpoint\":\"m\",\"width_medium\":\"2-3\"},\"children\":[{\"type\":\"headline\",\"props\":{\"title_element\":\"h1\",\"title_style\":\"heading-small\"},\"source_extended\":{\"props\":{\"content\":{\"query\":{\"name\":\"#parent\"},\"name\":\"title\"}}}},{\"type\":\"headline\",\"props\":{\"title_element\":\"h2\",\"title_style\":\"h2\"},\"source_extended\":{\"props\":{\"content\":{\"query\":{\"name\":\"#parent\"},\"name\":\"field.untertitel\"}}}},{\"type\":\"text\",\"props\":{\"column_breakpoint\":\"m\",\"margin\":\"default\",\"text_style\":\"lead\"},\"source_extended\":{\"props\":{\"content\":{\"query\":{\"name\":\"#parent\"},\"arguments\":{\"show_intro_text\":true},\"name\":\"content\"}}}}]},{\"type\":\"column\",\"props\":{\"image_position\":\"center-center\",\"position_sticky_breakpoint\":\"m\",\"width_medium\":\"1-3\"},\"children\":[{\"type\":\"image\",\"props\":{\"image_box_decoration\":\"mask\",\"image_svg_color\":\"emphasis\",\"link_aria_label\":\"Bild von Andrea und dem Fahrschul Auto\",\"margin\":\"default\"},\"source_extended\":{\"props\":{\"image\":{\"query\":{\"name\":\"#parent\"},\"name\":\"featuredImage.url\"},\"image_alt\":{\"query\":{\"name\":\"#parent\"},\"name\":\"featuredImage.alt\"}}}},{\"type\":\"headline\",\"props\":{\"content\":\"Kontakt aufnehmen\",\"title_element\":\"h2\"}},{\"type\":\"html\",\"props\":{\"content\":\"[ht-ctc-chat pre_filled=\\\"Name & Email:\\\"]\"}}]}],\"props\":{\"column_gap\":\"collapse\",\"layout\":\"2-3,1-3\"},\"source\":{\"query\":{\"name\":\"posts.customPost\",\"arguments\":{\"terms\":[],\"category_operator\":\"IN\",\"post_tag_operator\":\"IN\",\"users\":[],\"users_operator\":\"IN\",\"offset\":0,\"order\":\"date\",\"order_direction\":\"DESC\",\"id\":905}}}}]},{\"type\":\"section\",\"props\":{\"animation\":\"slide-left-small\",\"animation_delay\":\"100\",\"id\":\"Fahrzeug\",\"image\":\"wp-content\\\/uploads\\\/2025\\\/10\\\/Background_Green-scaled.png\",\"image_height\":400,\"image_position\":\"top-left\",\"padding\":\"large\",\"padding_remove_horizontal\":false,\"padding_remove_top\":false,\"style\":\"default\",\"title_breakpoint\":\"xl\",\"title_position\":\"top-left\",\"title_rotation\":\"left\",\"vertical_align\":\"\",\"width\":\"default\"},\"children\":[{\"type\":\"row\",\"props\":{\"layout\":\"1-3,2-3\",\"width\":\"large\"},\"children\":[{\"type\":\"column\",\"props\":{\"image_position\":\"center-center\",\"position_sticky_breakpoint\":\"m\",\"width_medium\":\"1-3\"},\"children\":[{\"type\":\"panel\",\"props\":{\"content\":\"\",\"content_column_breakpoint\":\"m\",\"icon_width\":80,\"image_align\":\"top\",\"image_grid_breakpoint\":\"m\",\"image_grid_width\":\"1-2\",\"image_svg_color\":\"emphasis\",\"link_style\":\"default\",\"link_text\":\"Read more\",\"margin\":\"default\",\"maxwidth\":\"xlarge\",\"maxwidth_breakpoint\":\"m\",\"meta\":\"\",\"meta_align\":\"above-title\",\"meta_color\":\"secondary\",\"meta_element\":\"div\",\"meta_style\":\"h6\",\"text_align\":\"left\",\"text_align_breakpoint\":\"m\",\"text_align_fallback\":\"center\",\"title_align\":\"top\",\"title_element\":\"h2\",\"title_grid_breakpoint\":\"m\",\"title_grid_width\":\"1-2\",\"title_hover_style\":\"reset\"},\"source_extended\":{\"props\":{\"title\":{\"query\":{\"name\":\"#parent\"},\"name\":\"title\"}}}}]},{\"type\":\"column\",\"props\":{\"image_position\":\"center-center\",\"position_sticky_breakpoint\":\"m\",\"vertical_align\":\"middle\",\"width_medium\":\"2-3\"},\"children\":[{\"type\":\"grid\",\"props\":{\"content_column_breakpoint\":\"m\",\"filter_align\":\"left\",\"filter_all\":true,\"filter_grid_breakpoint\":\"m\",\"filter_grid_width\":\"auto\",\"filter_position\":\"top\",\"filter_style\":\"tab\",\"grid_column_gap\":\"large\",\"grid_default\":\"1\",\"grid_medium\":\"\",\"grid_row_gap\":\"large\",\"grid_small\":\"2\",\"icon_width\":80,\"image_align\":\"left\",\"image_grid_breakpoint\":\"s\",\"image_grid_column_gap\":\"medium\",\"image_grid_row_gap\":\"small\",\"image_grid_width\":\"auto\",\"image_height\":\"36\",\"image_svg_animate\":false,\"image_svg_color\":\"emphasis\",\"image_svg_inline\":true,\"image_width\":\"36\",\"item_animation\":true,\"lightbox_bg_close\":true,\"link_style\":\"default\",\"link_text\":\"Read more\",\"margin\":\"default\",\"meta_align\":\"below-title\",\"meta_element\":\"div\",\"meta_style\":\"text-meta\",\"parallax_easing\":\"1\",\"show_content\":true,\"show_hover_image\":true,\"show_hover_video\":true,\"show_image\":true,\"show_link\":true,\"show_meta\":true,\"show_title\":true,\"show_video\":true,\"text_align\":\"left\",\"text_align_breakpoint\":\"s\",\"text_align_fallback\":\"center\",\"title_align\":\"top\",\"title_element\":\"h3\",\"title_grid_breakpoint\":\"m\",\"title_grid_width\":\"1-2\",\"title_hover_style\":\"reset\"},\"children\":[{\"type\":\"grid_item\",\"props\":{\"image\":\"wp-content\\\/uploads\\\/2025\\\/10\\\/Icon_Check_Green.png\",\"image_alt\":\"Check Icon\"},\"source\":{\"query\":{\"name\":\"#parent\"}},\"source_extended\":{\"props\":{\"title\":{\"query\":{\"name\":\"#node\"},\"name\":\"field.titel_vorteil_1\"},\"content\":{\"query\":{\"name\":\"#node\"},\"name\":\"field.inhalt_vorteil_1\"}}}},{\"type\":\"grid_item\",\"props\":{\"image\":\"wp-content\\\/uploads\\\/2025\\\/10\\\/Icon_Check_Green.png\",\"image_alt\":\"Check Icon\"},\"source\":{\"query\":{\"name\":\"#parent\"}},\"source_extended\":{\"props\":{\"title\":{\"query\":{\"name\":\"#node\"},\"name\":\"field.titel_vorteil_2\"},\"content\":{\"query\":{\"name\":\"#node\"},\"name\":\"field.inhalt_vorteil_2\"}}}},{\"type\":\"grid_item\",\"props\":{\"image\":\"wp-content\\\/uploads\\\/2025\\\/10\\\/Icon_Check_Green.png\",\"image_alt\":\"Check Icon\"},\"source\":{\"query\":{\"name\":\"#parent\"}},\"source_extended\":{\"props\":{\"title\":{\"query\":{\"name\":\"#node\"},\"name\":\"field.titel_vorteil_3\"},\"content\":{\"query\":{\"name\":\"#node\"},\"name\":\"field.inhalt_vorteil_3\"}}}},{\"type\":\"grid_item\",\"props\":{\"image\":\"wp-content\\\/uploads\\\/2025\\\/10\\\/Icon_Check_Green.png\",\"image_alt\":\"Check Icon\"},\"source\":{\"query\":{\"name\":\"#parent\"}},\"source_extended\":{\"props\":{\"title\":{\"query\":{\"name\":\"#node\"},\"name\":\"field.titel_vorteil_4\"},\"content\":{\"query\":{\"name\":\"#node\"},\"name\":\"field.inhalt_vorteil_4\"}}}},{\"type\":\"grid_item\",\"props\":{\"image\":\"wp-content\\\/uploads\\\/2025\\\/10\\\/Icon_Check_Green.png\",\"image_alt\":\"Check Icon\"},\"source\":{\"query\":{\"name\":\"#parent\"}},\"source_extended\":{\"props\":{\"title\":{\"query\":{\"name\":\"#node\"},\"name\":\"field.titel_vorteil_5\"},\"content\":{\"query\":{\"name\":\"#node\"},\"name\":\"field.inhalt_vorteil_5\"}}}}]}]}]}],\"name\":\"Vorteile\",\"source\":{\"query\":{\"name\":\"posts.customPost\",\"arguments\":{\"terms\":[],\"category_operator\":\"IN\",\"post_tag_operator\":\"IN\",\"users\":[],\"users_operator\":\"IN\",\"offset\":0,\"order\":\"date\",\"order_direction\":\"DESC\",\"id\":915}}}},{\"type\":\"section\",\"props\":{\"animation\":\"slide-left-small\",\"animation_delay\":\"100\",\"image_position\":\"center-center\",\"style\":\"muted\",\"title_breakpoint\":\"xl\",\"title_position\":\"top-left\",\"title_rotation\":\"left\",\"vertical_align\":\"middle\",\"width\":\"default\"},\"children\":[{\"type\":\"row\",\"props\":{\"layout\":\"1-3,2-3\"},\"children\":[{\"type\":\"column\",\"props\":{\"image_position\":\"center-center\",\"position_sticky_breakpoint\":\"m\",\"width_medium\":\"1-3\"},\"children\":[{\"type\":\"panel\",\"props\":{\"content\":\"\n\n<p>Fahrerassistenzfunktionen sollen das Fahren sicherer und entspannter machen \\u2013 sie entheben die Person am Steuer aber nicht der Verantwortung, das Fahrzeug so sicher wie m\\u00f6glich zu nutzen. Lesen Sie vor der ersten Verwendung einer bestimmten Funktion alle zugeh\\u00f6rigen Informationen. Lesen Sie unbedingt den Abschnitt zur Verantwortung der Person am Steuer, um die F\\u00e4higkeiten und Begrenzungen der Fahrerassistenzfunktionen Ihres Fahrzeugs zu verstehen.<\\\/p>\",\"content_column_breakpoint\":\"m\",\"content_style\":\"text-lead\",\"icon_width\":80,\"image_align\":\"top\",\"image_grid_breakpoint\":\"m\",\"image_grid_width\":\"1-2\",\"image_svg_color\":\"emphasis\",\"link_style\":\"default\",\"link_text\":\"Read more\",\"margin\":\"default\",\"maxwidth\":\"xlarge\",\"maxwidth_breakpoint\":\"m\",\"meta\":\"Erforderliches Wissen und Fahrerverantwortung\",\"meta_align\":\"above-title\",\"meta_color\":\"primary\",\"meta_element\":\"div\",\"meta_style\":\"h6\",\"text_align\":\"left\",\"text_align_breakpoint\":\"m\",\"text_align_fallback\":\"center\",\"title\":\"Assistenz- \\\/ Sicherheits- und Komfortsysteme im <span class=\\\"uk-text-primary\\\">Volvo EX30 <\\\/span>\",\"title_align\":\"top\",\"title_element\":\"h2\",\"title_grid_breakpoint\":\"m\",\"title_grid_width\":\"1-2\",\"title_hover_style\":\"reset\"},\"name\":\"Panel Vorlage\"}]},{\"type\":\"column\",\"props\":{\"image_position\":\"center-center\",\"position_sticky_breakpoint\":\"m\",\"vertical_align\":\"bottom\",\"width_medium\":\"2-3\"},\"children\":[{\"type\":\"accordion\",\"props\":{\"collapsible\":true,\"content_column_breakpoint\":\"m\",\"image_align\":\"top\",\"image_grid_breakpoint\":\"m\",\"image_grid_width\":\"1-2\",\"image_svg_color\":\"emphasis\",\"link_style\":\"default\",\"link_text\":\"Read more\",\"margin\":\"default\",\"show_image\":true,\"show_link\":true},\"children\":[{\"type\":\"accordion_item\",\"source\":{\"query\":{\"name\":\"posts.customPosts\",\"arguments\":{\"terms\":[27],\"category_operator\":\"IN\",\"post_tag_operator\":\"IN\",\"users\":[],\"users_operator\":\"IN\",\"offset\":0,\"limit\":20,\"order\":\"date\",\"order_direction\":\"DESC\"}}},\"source_extended\":{\"props\":{\"title\":{\"query\":{\"name\":\"#node\"},\"name\":\"title\"},\"content\":{\"query\":{\"name\":\"#node\"},\"arguments\":{\"show_intro_text\":true},\"name\":\"content\"}}}}]}]}]}]},{\"type\":\"section\",\"props\":{\"image\":\"wp-content\\\/uploads\\\/2025\\\/10\\\/Background_Yellow-scaled.png\",\"image_height\":600,\"image_position\":\"top-left\",\"status\":\"disabled\",\"style\":\"default\",\"title_breakpoint\":\"xl\",\"title_position\":\"top-left\",\"title_rotation\":\"left\",\"vertical_align\":\"middle\",\"width\":\"default\"},\"children\":[{\"type\":\"row\",\"props\":{\"layout\":\"1-3,2-3\"},\"children\":[{\"type\":\"column\",\"props\":{\"image_position\":\"center-center\",\"position_sticky_breakpoint\":\"m\",\"width_medium\":\"1-3\"},\"children\":[{\"type\":\"headline\",\"props\":{\"content\":\"Ablauf <span class=\\\"uk-text-primary\\\">Verkehrskunde Unterricht<\\\/span>\",\"title_element\":\"h3\",\"title_style\":\"h1\"}}]},{\"type\":\"column\",\"props\":{\"image_position\":\"center-center\",\"position_sticky_breakpoint\":\"m\",\"width_medium\":\"2-3\"},\"children\":[{\"type\":\"fragment\",\"props\":{\"margin\":\"default\"},\"children\":[{\"type\":\"row\",\"props\":{\"layout\":\"1-2,1-2\"},\"children\":[{\"type\":\"column\",\"props\":{\"image_position\":\"center-center\",\"position_sticky_breakpoint\":\"m\",\"width_medium\":\"1-2\"},\"children\":[{\"type\":\"fragment\",\"props\":{\"margin\":\"default\"},\"children\":[{\"type\":\"row\",\"children\":[{\"type\":\"column\",\"props\":{\"image_position\":\"center-center\",\"position_sticky_breakpoint\":\"m\",\"style\":\"card-default\"},\"children\":[{\"type\":\"headline\",\"props\":{\"margin_remove_bottom\":true,\"title_color\":\"primary\",\"title_element\":\"div\",\"title_style\":\"h3\"},\"source\":{\"query\":{\"name\":\"#parent\"},\"props\":{\"content\":{\"name\":\"field.teil\"}}}},{\"type\":\"headline\",\"props\":{\"margin_remove_top\":true,\"title_element\":\"h3\",\"title_style\":\"h2\"},\"source\":{\"query\":{\"name\":\"#parent\"},\"props\":{\"content\":{\"name\":\"title\"}}}},{\"type\":\"text\",\"props\":{\"column_breakpoint\":\"m\",\"margin\":\"default\"},\"source_extended\":{\"props\":{\"content\":{\"query\":{\"name\":\"#parent\"},\"arguments\":{\"show_intro_text\":true},\"name\":\"content\"}}}},{\"type\":\"accordion\",\"props\":{\"collapsible\":true,\"content_column_breakpoint\":\"m\",\"image_align\":\"top\",\"image_grid_breakpoint\":\"m\",\"image_grid_width\":\"1-2\",\"image_svg_color\":\"emphasis\",\"link_style\":\"default\",\"link_text\":\"Read more\",\"show_image\":true,\"show_link\":true},\"children\":[{\"type\":\"accordion_item\",\"props\":{\"title\":\"Inhalt\"},\"source_extended\":{\"props\":{\"content\":{\"query\":{\"name\":\"#parent\"},\"name\":\"field.kursinhalt\"}}}}]}]}]}],\"source\":{\"query\":{\"name\":\"#parent\"}},\"name\":\"Sub\"}],\"source\":{\"query\":{\"name\":\"posts.customPosts\",\"arguments\":{\"terms\":[16],\"category_operator\":\"IN\",\"post_tag_operator\":\"IN\",\"users\":[],\"users_operator\":\"IN\",\"offset\":0,\"limit\":10,\"order\":\"date\",\"order_direction\":\"ASC\"}}}},{\"type\":\"column\",\"props\":{\"image_position\":\"center-center\",\"position_sticky_breakpoint\":\"m\",\"width_medium\":\"1-2\"}}]}]}]}]}]}],\"version\":\"4.5.32\",\"yooessentialsVersion\":\"2.4.7\"} --><\/p>\n","protected":false},"excerpt":{"rendered":"<p>Kontakt aufnehmen Assistenz- \/ Sicherheits- und Komfortsysteme im Volvo EX30 Erforderliches Wissen und Fahrerverantwortung Fahrerassistenzfunktionen sollen das Fahren sicherer und entspannter machen \u2013 sie entheben die Person am Steuer aber nicht der Verantwortung, das Fahrzeug so sicher wie m\u00f6glich zu nutzen. Lesen Sie vor der ersten Verwendung einer bestimmten Funktion alle zugeh\u00f6rigen Informationen. Lesen Sie [&hellip;]<\/p>\n","protected":false},"author":1,"featured_media":0,"parent":0,"menu_order":0,"comment_status":"closed","ping_status":"closed","template":"","meta":{"_acf_changed":false,"_seopress_robots_primary_cat":"","_seopress_titles_title":"","_seopress_titles_desc":"Kontaktiere Learn-Fast \u2013 deine Fahrschule in der Zentralschweiz. Wir freuen uns auf deine Anfrage zu Fahrstunden, Kursen oder Fragen rund ums Auto fahren lernen.","_seopress_robots_index":"","footnotes":""},"class_list":["post-23","page","type-page","status-publish","hentry"],"acf":[],"_links":{"self":[{"href":"https:\/\/www.learn-fast.ch\/New\/wp-json\/wp\/v2\/pages\/23","targetHints":{"allow":["GET"]}}],"collection":[{"href":"https:\/\/www.learn-fast.ch\/New\/wp-json\/wp\/v2\/pages"}],"about":[{"href":"https:\/\/www.learn-fast.ch\/New\/wp-json\/wp\/v2\/types\/page"}],"author":[{"embeddable":true,"href":"https:\/\/www.learn-fast.ch\/New\/wp-json\/wp\/v2\/users\/1"}],"replies":[{"embeddable":true,"href":"https:\/\/www.learn-fast.ch\/New\/wp-json\/wp\/v2\/comments?post=23"}],"version-history":[{"count":26,"href":"https:\/\/www.learn-fast.ch\/New\/wp-json\/wp\/v2\/pages\/23\/revisions"}],"predecessor-version":[{"id":1083,"href":"https:\/\/www.learn-fast.ch\/New\/wp-json\/wp\/v2\/pages\/23\/revisions\/1083"}],"wp:attachment":[{"href":"https:\/\/www.learn-fast.ch\/New\/wp-json\/wp\/v2\/media?parent=23"}],"curies":[{"name":"wp","href":"https:\/\/api.w.org\/{rel}","templated":true}]}}