{"id":27,"date":"2025-09-17T08:12:24","date_gmt":"2025-09-17T08:12:24","guid":{"rendered":"https:\/\/learn-fast.ch\/New\/New\/?page_id=27"},"modified":"2026-01-21T10:52:51","modified_gmt":"2026-01-21T10:52:51","slug":"vku","status":"publish","type":"page","link":"https:\/\/www.learn-fast.ch\/New\/vku\/","title":{"rendered":"VKU"},"content":{"rendered":"<h1>Verkehrskunde Unterricht<\/h1>\n<div>\n<p>Neulenker brauchen bis zu 7 Jahre und 100&#8217;000 gefahrene Kilometer, um die Zusammenh\u00e4nge von Verkehrsabl\u00e4ufen richtig zu deuten und auf die darin liegenden Gefahren rechtzeitig reagieren zu k\u00f6nnen. Durch gezielte Vorbereitung auf verschiedene Verkehrssituationen, soll der obligatorische Verkehrskunde Unterricht (VKU) die Zeit dieser Erfahrungssammlung verk\u00fcrzen und aktiv zur Unfallverh\u00fctung bei Neulenkern beitragen.<\/p>\n<\/div>\n<div>\n<h2>Infos zum <\/br><span class=\"uk-text-primary\">Verkehrskunde Unterricht<\/span><\/h2>\n<div>\n<p><strong>Der Verkehrskunde Unterricht ist obligatorisch f\u00fcr Auto- und Motorradfahrer<\/strong><\/p>\n<\/div>\n<\/div>\n<h3>Anmeldung zum Verkehrskunde Unterricht in Zug<\/h3>\n<p><p>\n        <a href=\"https:\/\/drivelab.ch\/vku-zug\/ref\/learnfast\/\">Anmeldung Verkehrskunde Unterricht Zug<\/a>\n    <\/p>\n<\/p>\n<hr>\n<ul>\n<li>\n<h3>Adresse vom VKU<\/h3>\n<div>\n<p>Industriestrasse 50, 6300 Zug<\/p>\n<\/div>\n<\/li>\n<li>\n<h3>Ziele des VKU<\/h3>\n<div>\n<p>Neulenker brauchen bis zu 7 Jahre und 100&#8217;000 gefahrene Kilometer, um die Zusammenh\u00e4nge von Verkehrsabl\u00e4ufen richtig zu deuten und auf die darin liegenden Gefahren rechtzeitig reagieren zu k\u00f6nnen. Durch gezielte Vorbereitung auf verschiedene Verkehrssituationen, soll der obligatorische Verkehrskunde Unterricht (VKU) die Zeit dieser Erfahrungssammlung verk\u00fcrzen und aktiv zur Unfallverh\u00fctung bei Neulenkern beitragen.<\/p>\n<\/div>\n<\/li>\n<li>\n<h3>Voraussetzungen<\/h3>\n<div>\n<p>Im Besitz eines Lernfahrausweises sein<\/p>\n<\/div>\n<\/li>\n<li>\n<h3>Gut zu Wissen<\/h3>\n<div>\n<p>Der Verkehrskunde Unterricht bringt dir am meisten Vorteile, wenn du diesen ganz am Anfang deiner Fahrausbildung oder sogar vor den praktischen Fahrlektionen besuchst.<\/p>\n<p>Du brauchst den Kurs, damit du an die praktische Fahrpr\u00fcfung zugelassen wirst.<\/p>\n<\/div>\n<\/li>\n<\/ul>\n<h3>Ablauf <span class=\"uk-text-primary\">Verkehrskunde Unterricht<\/span><\/h3>\n<div>\n<h3>Inhalt<\/h3>\n<\/div>\n<p><!--more--><br \/>\n<!-- {\"type\":\"layout\",\"children\":[{\"type\":\"section\",\"props\":{\"image_position\":\"center-center\",\"style\":\"default\",\"title_breakpoint\":\"xl\",\"title_position\":\"top-left\",\"title_rotation\":\"left\",\"vertical_align\":\"middle\",\"width\":\"default\"},\"children\":[{\"type\":\"row\",\"children\":[{\"type\":\"column\",\"props\":{\"image_position\":\"center-center\",\"position_sticky_breakpoint\":\"m\"},\"children\":[{\"type\":\"headline\",\"props\":{\"content\":\"Verkehrskunde Unterricht\",\"title_element\":\"h1\",\"title_style\":\"heading-small\"}},{\"type\":\"text\",\"props\":{\"column_breakpoint\":\"m\",\"content\":\"\n\n<p>Neulenker brauchen bis zu 7 Jahre und 100'000 gefahrene Kilometer, um die Zusammenh\\u00e4nge von Verkehrsabl\\u00e4ufen richtig zu deuten und auf die darin liegenden Gefahren rechtzeitig reagieren zu k\\u00f6nnen. Durch gezielte Vorbereitung auf verschiedene Verkehrssituationen, soll der obligatorische Verkehrskunde Unterricht (VKU) die Zeit dieser Erfahrungssammlung verk\\u00fcrzen und aktiv zur Unfallverh\\u00fctung bei Neulenkern beitragen.<\\\/p>\",\"margin\":\"default\",\"maxwidth\":\"2xlarge\",\"text_style\":\"lead\"}}]}]}]},{\"type\":\"section\",\"props\":{\"image_position\":\"center-center\",\"style\":\"muted\",\"title_breakpoint\":\"xl\",\"title_position\":\"top-left\",\"title_rotation\":\"left\",\"vertical_align\":\"middle\",\"width\":\"default\"},\"children\":[{\"type\":\"row\",\"props\":{\"layout\":\"1-3,2-3\"},\"children\":[{\"type\":\"column\",\"props\":{\"image_position\":\"center-center\",\"position_sticky_breakpoint\":\"m\",\"width_medium\":\"1-3\"},\"children\":[{\"type\":\"panel\",\"props\":{\"content\":\"\n\n<p><strong>Der Verkehrskunde Unterricht ist obligatorisch f\\u00fcr Auto- und Motorradfahrer<\\\/strong><\\\/p>\",\"content_column_breakpoint\":\"m\",\"content_style\":\"text-lead\",\"icon_width\":80,\"image_align\":\"top\",\"image_grid_breakpoint\":\"m\",\"image_grid_width\":\"1-2\",\"image_svg_color\":\"emphasis\",\"link_style\":\"default\",\"link_text\":\"Read more\",\"margin\":\"default\",\"maxwidth\":\"xlarge\",\"maxwidth_breakpoint\":\"m\",\"meta\":\"\",\"meta_align\":\"above-title\",\"meta_color\":\"primary\",\"meta_element\":\"div\",\"meta_style\":\"h6\",\"text_align\":\"left\",\"text_align_breakpoint\":\"m\",\"text_align_fallback\":\"center\",\"title\":\"Infos zum <\\\/br><span class=\\\"uk-text-primary\\\">Verkehrskunde Unterricht<\\\/span>\",\"title_align\":\"top\",\"title_element\":\"h2\",\"title_grid_breakpoint\":\"m\",\"title_grid_width\":\"1-2\",\"title_hover_style\":\"reset\"},\"name\":\"Panel Vorlage\"}]},{\"type\":\"column\",\"props\":{\"image_position\":\"center-center\",\"position_sticky_breakpoint\":\"m\",\"vertical_align\":\"bottom\",\"width_medium\":\"2-3\"},\"children\":[{\"type\":\"headline\",\"props\":{\"content\":\"Anmeldung zum Verkehrskunde Unterricht in Zug\",\"title_element\":\"h3\"}},{\"type\":\"button\",\"props\":{\"grid_column_gap\":\"small\",\"grid_row_gap\":\"small\",\"margin\":\"default\"},\"children\":[{\"type\":\"button_item\",\"props\":{\"button_style\":\"text\",\"content\":\"Anmeldung Verkehrskunde Unterricht Zug\",\"dialog_layout\":\"modal\",\"dialog_offcanvas_flip\":true,\"icon_align\":\"left\",\"link\":\"https:\\\/\\\/drivelab.ch\\\/vku-zug\\\/ref\\\/learnfast\\\/\",\"link_aria_label\":\"Zum Nothelferkurs anmelden\"}}]},{\"type\":\"divider\",\"props\":{\"divider_element\":\"hr\"}},{\"type\":\"accordion\",\"props\":{\"collapsible\":true,\"content_column_breakpoint\":\"m\",\"image_align\":\"top\",\"image_grid_breakpoint\":\"m\",\"image_grid_width\":\"1-2\",\"image_svg_color\":\"emphasis\",\"link_style\":\"default\",\"link_text\":\"Read more\",\"margin\":\"default\",\"show_image\":true,\"show_link\":true},\"children\":[{\"type\":\"accordion_item\",\"props\":{\"content\":\"\n\n<p>Industriestrasse 50, 6300 Zug<\\\/p>\",\"title\":\"Adresse vom VKU\"}},{\"type\":\"accordion_item\",\"props\":{\"content\":\"\n\n<p>Neulenker brauchen bis zu 7 Jahre und 100'000 gefahrene Kilometer, um die Zusammenh\\u00e4nge von Verkehrsabl\\u00e4ufen richtig zu deuten und auf die darin liegenden Gefahren rechtzeitig reagieren zu k\\u00f6nnen. Durch gezielte Vorbereitung auf verschiedene Verkehrssituationen, soll der obligatorische Verkehrskunde Unterricht (VKU) die Zeit dieser Erfahrungssammlung verk\\u00fcrzen und aktiv zur Unfallverh\\u00fctung bei Neulenkern beitragen.<\\\/p>\",\"title\":\"Ziele des VKU\"}},{\"type\":\"accordion_item\",\"props\":{\"content\":\"\n\n<p>Im Besitz eines Lernfahrausweises sein<\\\/p>\",\"title\":\"Voraussetzungen\"}},{\"type\":\"accordion_item\",\"props\":{\"content\":\"\n\n<p>Der Verkehrskunde Unterricht bringt dir am meisten Vorteile, wenn du diesen ganz am Anfang deiner Fahrausbildung oder sogar vor den praktischen Fahrlektionen besuchst.<\\\/p>\\n\n\n<p>Du brauchst den Kurs, damit du an die praktische Fahrpr\\u00fcfung zugelassen wirst.<\\\/p>\",\"title\":\"Gut zu Wissen\"}}]}]}]}]},{\"type\":\"section\",\"props\":{\"image\":\"wp-content\\\/uploads\\\/2025\\\/10\\\/Background_Yellow-scaled.png\",\"image_height\":600,\"image_position\":\"top-left\",\"style\":\"default\",\"title_breakpoint\":\"xl\",\"title_position\":\"top-left\",\"title_rotation\":\"left\",\"vertical_align\":\"middle\",\"width\":\"default\"},\"children\":[{\"type\":\"row\",\"props\":{\"layout\":\"1-3,2-3\"},\"children\":[{\"type\":\"column\",\"props\":{\"image_position\":\"center-center\",\"position_sticky_breakpoint\":\"m\",\"width_medium\":\"1-3\"},\"children\":[{\"type\":\"headline\",\"props\":{\"content\":\"Ablauf <span class=\\\"uk-text-primary\\\">Verkehrskunde Unterricht<\\\/span>\",\"title_element\":\"h3\",\"title_style\":\"h1\"}}]},{\"type\":\"column\",\"props\":{\"image_position\":\"center-center\",\"position_sticky_breakpoint\":\"m\",\"width_medium\":\"2-3\"},\"children\":[{\"type\":\"fragment\",\"props\":{\"margin\":\"default\"},\"children\":[{\"type\":\"row\",\"props\":{\"layout\":\"1-2,1-2\"},\"children\":[{\"type\":\"column\",\"props\":{\"image_position\":\"center-center\",\"position_sticky_breakpoint\":\"m\",\"width_medium\":\"1-2\"},\"children\":[{\"type\":\"fragment\",\"props\":{\"margin\":\"default\"},\"children\":[{\"type\":\"row\",\"children\":[{\"type\":\"column\",\"props\":{\"image_position\":\"center-center\",\"position_sticky_breakpoint\":\"m\",\"style\":\"card-default\"},\"children\":[{\"type\":\"headline\",\"props\":{\"margin_remove_bottom\":true,\"title_color\":\"primary\",\"title_element\":\"div\",\"title_style\":\"h3\"},\"source\":{\"query\":{\"name\":\"#parent\"},\"props\":{\"content\":{\"name\":\"field.teil\"}}}},{\"type\":\"headline\",\"props\":{\"margin_remove_top\":true,\"title_element\":\"h3\",\"title_style\":\"h2\"},\"source\":{\"query\":{\"name\":\"#parent\"},\"props\":{\"content\":{\"name\":\"title\"}}}},{\"type\":\"text\",\"props\":{\"column_breakpoint\":\"m\",\"margin\":\"default\"},\"source_extended\":{\"props\":{\"content\":{\"query\":{\"name\":\"#parent\"},\"arguments\":{\"show_intro_text\":true},\"name\":\"content\"}}}},{\"type\":\"accordion\",\"props\":{\"collapsible\":true,\"content_column_breakpoint\":\"m\",\"image_align\":\"top\",\"image_grid_breakpoint\":\"m\",\"image_grid_width\":\"1-2\",\"image_svg_color\":\"emphasis\",\"link_style\":\"default\",\"link_text\":\"Read more\",\"show_image\":true,\"show_link\":true},\"children\":[{\"type\":\"accordion_item\",\"props\":{\"title\":\"Inhalt\"},\"source_extended\":{\"props\":{\"content\":{\"query\":{\"name\":\"#parent\"},\"name\":\"field.kursinhalt\"}}}}]}]}]}],\"source\":{\"query\":{\"name\":\"#parent\"}},\"name\":\"Sub\"}],\"source\":{\"query\":{\"name\":\"posts.customPosts\",\"arguments\":{\"terms\":[16],\"category_operator\":\"IN\",\"post_tag_operator\":\"IN\",\"users\":[],\"users_operator\":\"IN\",\"offset\":0,\"limit\":10,\"order\":\"date\",\"order_direction\":\"ASC\"}}}},{\"type\":\"column\",\"props\":{\"image_position\":\"center-center\",\"position_sticky_breakpoint\":\"m\",\"width_medium\":\"1-2\"}}]}]}]}]}]},{\"type\":\"section\",\"props\":{\"image_position\":\"center-center\",\"status\":\"disabled\",\"style\":\"muted\",\"title_breakpoint\":\"xl\",\"title_position\":\"top-left\",\"title_rotation\":\"left\",\"vertical_align\":\"middle\",\"width\":\"default\"},\"children\":[{\"type\":\"row\",\"props\":{\"layout\":\"1-3,2-3\"},\"children\":[{\"type\":\"column\",\"props\":{\"image_position\":\"center-center\",\"position_sticky_breakpoint\":\"m\",\"width_medium\":\"1-3\"},\"children\":[{\"type\":\"headline\",\"props\":{\"content\":\"Finde einen <span class=\\\"uk-text-primary\\\">Kurs<\\\/span> in<br \\\/>deiner Umgebung\",\"title_element\":\"h2\"}}]},{\"type\":\"column\",\"props\":{\"image_position\":\"center-center\",\"position_sticky_breakpoint\":\"m\",\"width_medium\":\"2-3\"},\"children\":[{\"type\":\"grid\",\"props\":{\"animation\":\"none\",\"content_column_breakpoint\":\"m\",\"filter\":false,\"filter_align\":\"left\",\"filter_all\":true,\"filter_all_label\":\"Alle Standorte\",\"filter_grid_breakpoint\":\"m\",\"filter_grid_width\":\"auto\",\"filter_position\":\"top\",\"filter_style\":\"tab\",\"grid_column_gap\":\"small\",\"grid_default\":\"1\",\"grid_medium\":\"3\",\"grid_row_gap\":\"small\",\"grid_small\":\"2\",\"icon_width\":80,\"image_align\":\"top\",\"image_grid_breakpoint\":\"m\",\"image_grid_width\":\"1-2\",\"image_svg_color\":\"emphasis\",\"item_animation\":true,\"lightbox_bg_close\":true,\"link_margin\":\"small\",\"link_style\":\"text\",\"link_text\":\"zur Fahrschule\",\"margin\":\"default\",\"meta_align\":\"below-title\",\"meta_element\":\"div\",\"meta_style\":\"text-meta\",\"panel_link\":true,\"panel_padding\":\"small\",\"panel_style\":\"card-primary\",\"parallax_easing\":\"1\",\"show_content\":true,\"show_hover_image\":true,\"show_hover_video\":true,\"show_image\":true,\"show_link\":true,\"show_meta\":true,\"show_title\":true,\"show_video\":true,\"title_align\":\"top\",\"title_element\":\"h3\",\"title_grid_breakpoint\":\"m\",\"title_grid_width\":\"1-2\",\"title_hover_style\":\"reset\",\"title_style\":\"h4\"},\"children\":[{\"type\":\"grid_item\",\"props\":{\"link_text\":\"Link \\u00f6ffnen\",\"yooessentials_access_conditions\":[],\"yooessentials_access_mode\":\"AND\"},\"source\":{\"query\":{\"name\":\"posts.customPosts\",\"arguments\":{\"terms\":[12],\"category_operator\":\"IN\",\"post_tag_operator\":\"IN\",\"users\":[],\"users_operator\":\"IN\",\"offset\":0,\"limit\":10,\"order\":\"date\",\"order_direction\":\"DESC\",\"category_include_children\":\"only\"}}},\"source_extended\":{\"props\":{\"link\":{\"query\":{\"name\":\"#node\"},\"name\":\"link\"},\"link_aria_label\":{\"query\":{\"name\":\"#node\"},\"name\":\"title\",\"filters\":{\"before\":\"Link zum Samariterverein\"}},\"title\":{\"query\":{\"name\":\"#node\"},\"name\":\"title\",\"filters\":{\"before\":\"Fahrschule \"}},\"tags\":{\"query\":{\"name\":\"#node\"},\"arguments\":{\"separator\":\", \",\"show_link\":true,\"link_style\":\"\"},\"name\":\"categoryString\",\"filters\":{\"before\":\"Kanton \"}}}}}]}]}]}]}],\"version\":\"4.5.32\",\"yooessentialsVersion\":\"2.4.7\"} --><\/p>\n","protected":false},"excerpt":{"rendered":"<p>Verkehrskunde Unterricht Neulenker brauchen bis zu 7 Jahre und 100&#8217;000 gefahrene Kilometer, um die Zusammenh\u00e4nge von Verkehrsabl\u00e4ufen richtig zu deuten und auf die darin liegenden Gefahren rechtzeitig reagieren zu k\u00f6nnen. Durch gezielte Vorbereitung auf verschiedene Verkehrssituationen, soll der obligatorische Verkehrskunde Unterricht (VKU) die Zeit dieser Erfahrungssammlung verk\u00fcrzen und aktiv zur Unfallverh\u00fctung bei Neulenkern beitragen. Infos [&hellip;]<\/p>\n","protected":false},"author":1,"featured_media":0,"parent":0,"menu_order":0,"comment_status":"closed","ping_status":"closed","template":"","meta":{"_acf_changed":false,"_seopress_robots_primary_cat":"","_seopress_titles_title":"","_seopress_titles_desc":"Verkehrskundeunterricht bei Learn-Fast \u2013 interaktiv, praxisnah und perfekt zur Vorbereitung auf die Theoriepr\u00fcfung. Der Verkehrskunde Unterricht ist obligatorisch f\u00fcr Auto- und Motorradfahrer.","_seopress_robots_index":"","footnotes":""},"class_list":["post-27","page","type-page","status-publish","hentry"],"acf":[],"_links":{"self":[{"href":"https:\/\/www.learn-fast.ch\/New\/wp-json\/wp\/v2\/pages\/27","targetHints":{"allow":["GET"]}}],"collection":[{"href":"https:\/\/www.learn-fast.ch\/New\/wp-json\/wp\/v2\/pages"}],"about":[{"href":"https:\/\/www.learn-fast.ch\/New\/wp-json\/wp\/v2\/types\/page"}],"author":[{"embeddable":true,"href":"https:\/\/www.learn-fast.ch\/New\/wp-json\/wp\/v2\/users\/1"}],"replies":[{"embeddable":true,"href":"https:\/\/www.learn-fast.ch\/New\/wp-json\/wp\/v2\/comments?post=27"}],"version-history":[{"count":38,"href":"https:\/\/www.learn-fast.ch\/New\/wp-json\/wp\/v2\/pages\/27\/revisions"}],"predecessor-version":[{"id":1070,"href":"https:\/\/www.learn-fast.ch\/New\/wp-json\/wp\/v2\/pages\/27\/revisions\/1070"}],"wp:attachment":[{"href":"https:\/\/www.learn-fast.ch\/New\/wp-json\/wp\/v2\/media?parent=27"}],"curies":[{"name":"wp","href":"https:\/\/api.w.org\/{rel}","templated":true}]}}