{"id":759,"date":"2025-11-19T16:20:59","date_gmt":"2025-11-19T16:20:59","guid":{"rendered":"https:\/\/learn-fast.ch\/New\/New\/?page_id=759"},"modified":"2026-01-21T10:52:40","modified_gmt":"2026-01-21T10:52:40","slug":"impressum","status":"publish","type":"page","link":"https:\/\/www.learn-fast.ch\/New\/impressum\/","title":{"rendered":"Impressum"},"content":{"rendered":"\n<p>Learn-fast Andrea M\u00f6sch\u00a0\u00a0<br>Ottigenb\u00fchlring 3\u00a0<br>6030 Ebikon\u00a0<\/p>\n\n\n\n<p>Tel: 076 651 00 30\u00a0<br>E-Mail: fahrsschule@learn-fast.ch\u00a0<\/p>\n\n\n\n<p><strong>Vertretungsberechtigte Person(en):<br><\/strong>Andrea M\u00f6sch Kantshia Kandolo<\/p>\n\n\n\n<p><strong>Haftungsausschluss:<br><\/strong>Der Autor \u00fcbernimmt keinerlei Gew\u00e4hr hinsichtlich der inhaltlichen Richtigkeit, Genauigkeit, Aktualit\u00e4t, Zuverl\u00e4ssigkeit und Vollst\u00e4ndigkeit der Informationen.<\/p>\n\n\n\n<p>Haftungsanspr\u00fcche gegen den Autor wegen Sch\u00e4den materieller oder immaterieller Art, welche aus dem Zugriff oder der Nutzung bzw. Nichtnutzung der ver\u00f6ffentlichten Informationen, durch Missbrauch der Verbindung oder durch technische St\u00f6rungen entstanden sind, werden ausgeschlossen.<\/p>\n\n\n\n<p>Alle Angebote sind unverbindlich. Der Autor beh\u00e4lt es sich ausdr\u00fccklich vor, Teile der Seiten oder das gesamte Angebot ohne besondere Ank\u00fcndigung zu ver\u00e4ndern, zu erg\u00e4nzen, zu l\u00f6schen oder die Ver\u00f6ffentlichung zeitweise oder endg\u00fcltig einzustellen.<\/p>\n\n\n\n<p><strong>Haftungsausschluss f\u00fcr Links:<br><\/strong>Verweise und Links auf Webseiten Dritter liegen ausserhalb unseres Verantwortungsbereichs. Es wird jegliche Verantwortung f\u00fcr solche Webseiten abgelehnt. Der Zugriff und die Nutzung solcher Webseiten erfolgen auf eigene Gefahr des jeweiligen Nutzers.<\/p>\n\n\n\n<p><strong>Urheberrechte:<br><\/strong>Die Urheber- und alle anderen Rechte an Inhalten, Bildern, Fotos oder anderen Dateien auf dieser Website, geh\u00f6ren ausschliesslich\u00a0<strong>der Einzelfirma Learn-Fast <\/strong>oder den speziell genannten Rechteinhabern. F\u00fcr die Reproduktion jeglicher Elemente ist die schriftliche Zustimmung des Urheberrechtstr\u00e4gers im Voraus einzuholen.<\/p>\n","protected":false},"excerpt":{"rendered":"<p>Learn-fast Andrea M\u00f6sch\u00a0\u00a0Ottigenb\u00fchlring 3\u00a06030 Ebikon\u00a0 Tel: 076 651 00 30\u00a0E-Mail: fahrsschule@learn-fast.ch\u00a0 Vertretungsberechtigte Person(en):Andrea M\u00f6sch Kantshia Kandolo Haftungsausschluss:Der Autor \u00fcbernimmt keinerlei Gew\u00e4hr hinsichtlich der inhaltlichen Richtigkeit, Genauigkeit, Aktualit\u00e4t, Zuverl\u00e4ssigkeit und Vollst\u00e4ndigkeit der Informationen. Haftungsanspr\u00fcche gegen den Autor wegen Sch\u00e4den materieller oder immaterieller Art, welche aus dem Zugriff oder der Nutzung bzw. Nichtnutzung der ver\u00f6ffentlichten Informationen, durch [&hellip;]<\/p>\n","protected":false},"author":1,"featured_media":0,"parent":0,"menu_order":0,"comment_status":"closed","ping_status":"closed","template":"","meta":{"_acf_changed":false,"_seopress_robots_primary_cat":"","_seopress_titles_title":"","_seopress_titles_desc":"Alle wichtigen Infos zu Learn-Fast \u2013 deiner modernen Fahrschule in Luzern, Zug und Schwyz.","_seopress_robots_index":"","footnotes":""},"class_list":["post-759","page","type-page","status-publish","hentry"],"acf":[],"_links":{"self":[{"href":"https:\/\/www.learn-fast.ch\/New\/wp-json\/wp\/v2\/pages\/759","targetHints":{"allow":["GET"]}}],"collection":[{"href":"https:\/\/www.learn-fast.ch\/New\/wp-json\/wp\/v2\/pages"}],"about":[{"href":"https:\/\/www.learn-fast.ch\/New\/wp-json\/wp\/v2\/types\/page"}],"author":[{"embeddable":true,"href":"https:\/\/www.learn-fast.ch\/New\/wp-json\/wp\/v2\/users\/1"}],"replies":[{"embeddable":true,"href":"https:\/\/www.learn-fast.ch\/New\/wp-json\/wp\/v2\/comments?post=759"}],"version-history":[{"count":3,"href":"https:\/\/www.learn-fast.ch\/New\/wp-json\/wp\/v2\/pages\/759\/revisions"}],"predecessor-version":[{"id":1047,"href":"https:\/\/www.learn-fast.ch\/New\/wp-json\/wp\/v2\/pages\/759\/revisions\/1047"}],"wp:attachment":[{"href":"https:\/\/www.learn-fast.ch\/New\/wp-json\/wp\/v2\/media?parent=759"}],"curies":[{"name":"wp","href":"https:\/\/api.w.org\/{rel}","templated":true}]}}